base 14) in base 4?
20213010
What is 2604611 (base 7) in base 10?
337814
Convert 3087 (base 11) to base 4.
333320
What is -200020201111 (base 3) in base 11?
-225960
-649124 (base 10) to base 9
-1188378
3bb85a (base 13) to base 15
1daa99
What is -25132766 (base 9) in base 3?
-212011002212020
Convert 1482482 (base 9) to base 7.
6662306
Convert -11573 (base 9) to base 2.
-1111001010001
What is 1402221423 (base 5) in base 16?
363d35
-1022032212 (base 4) to base 14
-7cb30
-1402244131 (base 5) to base 4
-31210031012
What is 3052273 (base 8) in base 7?
6604021
Convert 899835 (base 12) to base 16.
217a69
1511534 (base 6) to base 4
111103102
What is -3ba96 (base 16) in base 15?
-4c619
Convert -560243 (base 13) to base 15.
-2a0e4e
Convert -108c64 (base 14) to base 6.
-20014504
2270417 (base 8) to base 12
25a0bb
Convert -2012000011120 (base 3) to base 16.
-11b8cc
Convert 122632 (base 9) to base 5.
4333034
112002101211110 (base 3) to base 4
130203333030
What is -3573947 (base 10) in base 6?
-204334015
What is 17052 (base 10) in base 8?
41234
562541 (base 10) to base 8
2112555
40c42 (base 15) to base 5
23032022
What is -1011100111111 (base 2) in base 5?
-142301
What is -10110110000000011111100 (base 2) in base 7?
-101456560
Convert -20058 (base 16) to base 2.
-100000000001011000
What is 5094c (base 13) in base 6?
3032250
What is 74062 (base 8) in base 14?
b2dc
Convert 111011000010000011100 (base 2) to base 4.
13120100130
What is -733646 (base 8) in base 14?
-64ad8
What is 1000110000101011010 (base 2) in base 11?
18674a
Convert -23510222 (base 6) to base 4.
-2310230012
-49e5a3 (base 15) to base 14
-682993
-3313504 (base 6) to base 8
-503060
Convert -302565 (base 8) to base 7.
-563450
-3102177 (base 8) to base 16
-c847f
What is 12012012120 (base 3) in base 7?
603663
100b98 (base 12) to base 3
110201122222
10110001111100010 (base 2) to base 4
112033202
3c933c (base 16) to base 5
2004013402
What is 497ca (base 13) in base 10?
135366
What is -1141104144 (base 5) in base 16?
-28d35d
What is 2122252 (base 8) in base 11?
357638
Convert -179884 (base 10) to base 16.
-2beac
What is -8908 (base 11) in base 2?
-10110111100001
12573272 (base 8) to base 6
140203310
-415310145 (base 6) to base 4
-123223210301
Convert -1002001102 (base 3) to base 7.
-115514
What is -120322211 (base 4) in base 5?
-11231203
What is -75840 (base 11) in base 10?
-110154
What is -11415434 (base 6) in base 12?
-15457a
What is -2220241 (base 7) in base 15?
-56211
Convert -af00 (base 16) to base 9.
-67407
Convert -262218 (base 9) to base 6.
-3224325
What is -340232 (base 15) in base 12?
-9b7a02
13122323112 (base 4) to base 9
3584406
-674035 (base 9) to base 5
-100400134
What is 2201002021 (base 3) in base 8?
150036
11651550 (base 7) to base 4
10001133012
Convert 57765 (base 11) to base 14.
225a0
Convert 195778 (base 12) to base 16.
6cb0c
What is 33119b (base 12) in base 3?
1112012001202
-882979 (base 11) to base 2
-101011000000101011101
-1090715 (base 14) to base 11
-449a950
135846 (base 11) to base 2
110011111010100111
-13520405 (base 6) to base 3
-212110002112
Convert -3b62b (base 14) to base 10.
-146647
Convert 177048 (base 11) to base 5.
32213112
1715556 (base 9) to base 5
221033241
Convert 12437051 (base 8) to base 10.
2768425
2023113 (base 4) to base 14
3371
What is -633c0 (base 13) in base 16?
-2b9bc
What is -2161422 (base 9) in base 15?
-17e615
What is 2b43c5 (base 13) in base 10?
1066213
What is 2214251 (base 6) in base 7?
641662
12220022333 (base 4) to base 12
6b953b
Convert 38425 (base 11) to base 4.
31130222
Convert 1311210021 (base 4) to base 6.
14153213
Convert 16180 (base 10) to base 7.
65113
-434442303 (base 5) to base 8
-7115417
-21114323 (base 6) to base 5
-124212322
12e5d6 (base 15) to base 10
909201
Convert -4175624 (base 11) to base 10.
-7357189
-87285 (base 12) to base 9
-301612
Convert 21a02 (base 14) to base 7.
456502
11101111000001101000 (base 2) to base 11
609634
1022010201121 (base 3) to base 7
5610250
-1336 (base 14) to base 10
-3380
What is -aa839 (base 14) in base 9?
-688742
What is 227704 (base 9) in base 12?
6727a
Convert -113333031 (base 4) to base 10.
-98253
Convert -70511243 (base 8) to base 5.
-12300124200
-25c7b4 (base 14) to base 5
-313132221
What is 10013201130 (base 4) in base 5?
234020023
3aabb (base 14) to base 16
235ad
What is 173979 (base 13) in base 11?
366377
Convert 3d8d4 (base 14) to base 10.
152674
b12200 (base 12) to base 11
1616945
Convert 881214 (base 11) to base 6.
50054244
What is 251335 (base 6) in base 5?
1204004
What is 11303132 (base 4) in base 15?
709e
Convert -25918 (base 15) to base 7.
-1010234
47b62 (base 13) to base 10
131562
Convert -1010112121221 (base 3) to base 12.
-24ba81
Convert -12032002320 (base 4) to base 7.
-16600221
What is 55532647 (base 8) in base 13?
2633252
Convert 12077417 (base 8) to base 11.
1552a68
What is -5000a6 (base 13) in base 14?
-364865
Convert -777c13 (base 15) to base 3.
-101201101220200
Convert -42a368 (base 15) to base 6.
-152003025
Convert -20087 (base 11) to base 4.
-13023001
1320311121 (base 4) to base 6
14335213
-1279d9 (base 15) to base 9
-1601016
-45396 (base 15) to base 3
-102012001020
-204141130 (base 5) to base 6
-30113020
What is -11004543 (base 8) in base 13?
-648c72
Convert ac8b76 (base 14) to base 8.
26274024
What is -23912 (base 11) in base 12?
-17a89
-5947ae (base 15) to base 9
-8024212
Convert -111100101110111011010 (base 2) to base 15.
-2949db
What is -52764217 (base 8) in base 9?
-23171270
What is 84ec (base 16) in base 2?
1000010011101100
What is -9b9af (base 16) in base 7?
-5263122
What is 2300a70 (base 11) in base 12?
1422922
What is -2c726 (base 14) in base 2?
-11011001000111110
-2014a3 (base 11) to base 5
-40332110
Convert 1080d5 (base 14) to base 13.
167b51
Convert 565816 (base 9) to base 12.
144173
Convert -220203101 (base 4) to base 6.
-3320545
What is 111110101101001000 (base 2) in base 12?
104774
110001101011001 (base 2) to base 13
b765
Convert 11737036 (base 9) to base 12.
1b15050
18dc5 (base 14) to base 2
1111011001110001
What is c5330 (base 15) in base 11?
397709
What is 27008 (base 16) in base 10?
159752
What is 100111111101101 (base 2) in base 16?
4fed
Convert -175984 (base 12) to base 3.
-202112012201
What is 5302615 (base 7) in base 9?
1174401
What is -110111100001100 (base 2) in base 6?
-335340
Convert -1451670 (base 8) to base 12.
-17bb60
What is 50112355 (base 6) in base 15?
1cc8a2
What is 40529d (base 16) in base 9?
7834456
What is -10110000010110010000100 (base 2) in base 13?
-127428c
Convert 12a12 (base 12) to base 3.
1022011212
Convert 230204322 (base 5) to base 4.
3321213332
Convert -133110202 (base 4) to base 7.
-1043011
-1441201 (base 5) to base 15
-91d6
What is 201011020211211 (base 3) in base 14?
14d0457
Convert -15141525 (base 6) to base 5.
-113322324
Convert -edc38 (base 16) to base 4.
-3231300320
What is 443669 (base 10) in base 5?
103144134
What is 2b72a2 (base 13) in base 8?
4056736
Convert 123364010 (base 7) to base 10.
7831040
1637714 (base 10) to base 15
2253ae
What is -16108892 (base 10) in base 8?
-75346534
Convert 282a9 (base 11) to base 2.
1001110101100011
What is -2323340 (base 6) in base 15?
-2585c
What is 1dfe73 (base 16) in base 9?
3625362
What is -1545d8 (base 14) in base 13?
-1cc9aa
Convert 10011110010010000 (base 2) to base 5.
10043130
6592a (base 14) to base 8
740402
What is -28292 (base 11) in base 8?
-116521
Convert 35b71 (base 15) to base 9.
281017
-11450346 (base 10) to base 8
-53533752
83540 (base 10) to base 2
10100011001010100
-32111823 (base 9) to base 12
-5225779
Convert 7c133 (base 13) to base 4.
313103012
What is 2404a78 (base 11) in base 10?
4193945
Convert -37764046 (base 8) to base 14.
-1182bc2
What is 7505 (base 10) in base 13?
3554
Convert -102213221111 (base 4) to base 2.
-10010100111101001010101
104173 (base 8) to base 9
52831
25a28 (base 14) to base 6
1552244
1aa317 (base 11) to base 13
b3240
8a0671 (base 11) to base 6
50434222
Convert 2104220 (base 5) to base 6.
425423
What is -87340 (base 9) in base 12?
-295a6
-3234110 (base 6) to base 10
-160314
-21152135 (base 8) to base 4
-101031101131
What is -81032 (base 14) in base 4?
-1023231210
What is 2205733 (base 9) in base 11?
73a525
5506848 (base 10) to base 12
1a16a0